{"id":328,"date":"2024-03-01T14:49:29","date_gmt":"2024-03-01T13:49:29","guid":{"rendered":"https:\/\/decabildoabogados.es\/?page_id=328"},"modified":"2024-07-19T14:09:13","modified_gmt":"2024-07-19T12:09:13","slug":"politica-de-privadesa","status":"publish","type":"page","link":"https:\/\/decabildoabogados.es\/ca\/politica-de-privadesa\/","title":{"rendered":"Pol\u00edtica de privadesa"},"content":{"rendered":"\t\t<div data-elementor-type=\"wp-page\" data-elementor-id=\"328\" class=\"elementor elementor-328\" data-elementor-post-type=\"page\">\n\t\t\t\t\t\t<section class=\"elementor-section elementor-top-section elementor-element elementor-element-65a295af elementor-section-boxed elementor-section-height-default elementor-section-height-default\" data-id=\"65a295af\" data-element_type=\"section\">\n\t\t\t\t\t\t<div class=\"elementor-container elementor-column-gap-default\">\n\t\t\t\t\t<div class=\"elementor-column elementor-col-100 elementor-top-column elementor-element elementor-element-740d0599\" data-id=\"740d0599\" data-element_type=\"column\">\n\t\t\t<div class=\"elementor-widget-wrap elementor-element-populated\">\n\t\t\t\t\t\t<div class=\"elementor-element elementor-element-620c494a elementor-widget elementor-widget-heading\" data-id=\"620c494a\" data-element_type=\"widget\" data-widget_type=\"heading.default\">\n\t\t\t\t<div class=\"elementor-widget-container\">\n\t\t\t<style>\/*! elementor - v3.19.0 - 07-02-2024 *\/\n.elementor-heading-title{padding:0;margin:0;line-height:1}.elementor-widget-heading .elementor-heading-title[class*=elementor-size-]>a{color:inherit;font-size:inherit;line-height:inherit}.elementor-widget-heading .elementor-heading-title.elementor-size-small{font-size:15px}.elementor-widget-heading .elementor-heading-title.elementor-size-medium{font-size:19px}.elementor-widget-heading .elementor-heading-title.elementor-size-large{font-size:29px}.elementor-widget-heading .elementor-heading-title.elementor-size-xl{font-size:39px}.elementor-widget-heading .elementor-heading-title.elementor-size-xxl{font-size:59px}<\/style><h1 class=\"elementor-heading-title elementor-size-default\">Pol\u00edtica de privadesa<\/h1>\t\t<\/div>\n\t\t\t\t<\/div>\n\t\t\t\t<div class=\"elementor-element elementor-element-13cee1c4 elementor-widget elementor-widget-text-editor\" data-id=\"13cee1c4\" data-element_type=\"widget\" data-widget_type=\"text-editor.default\">\n\t\t\t\t<div class=\"elementor-widget-container\">\n\t\t\t<style>\/*! elementor - v3.19.0 - 07-02-2024 *\/\n.elementor-widget-text-editor.elementor-drop-cap-view-stacked .elementor-drop-cap{background-color:#69727d;color:#fff}.elementor-widget-text-editor.elementor-drop-cap-view-framed .elementor-drop-cap{color:#69727d;border:3px solid;background-color:transparent}.elementor-widget-text-editor:not(.elementor-drop-cap-view-default) .elementor-drop-cap{margin-top:8px}.elementor-widget-text-editor:not(.elementor-drop-cap-view-default) .elementor-drop-cap-letter{width:1em;height:1em}.elementor-widget-text-editor .elementor-drop-cap{float:left;text-align:center;line-height:1;font-size:50px}.elementor-widget-text-editor .elementor-drop-cap-letter{display:inline-block}<\/style>\t\t\t\t<p>De conformitat amb el que estableix la normativa vigent en Protecci\u00f3 de Dades de Car\u00e0cter Personal, us informem que les vostres dades seran incorporades al sistema de tractament titularitat de PALOMA CABILDO ARANDA, sota nom comercial DECABILDO ADVOCATS, amb CIF 48004429W i domicili situat al carrer Rovira i Virgili n\u00fam. 20, 1r &#8211; 1a amb la finalitat de poder atendre els compromisos derivats de la relaci\u00f3 que mantenim amb vost\u00e8. En compliment amb la normativa vigent, DECABILDO ADVOCATS informa que les dades seran conservades durant el termini estrictament necessari per complir els preceptes esmentats anteriorment.<\/p><p>DECABILDO ADVOCATS informa que procedir\u00e0 a tractar les dades de manera l\u00edcita, lleial, transparent, adequada, pertinent, limitada, exacta i actualitzada. \u00c9s per aix\u00f2 que RA\u00d3 SOCIAL DE L&#8217;EMPRESA es compromet a adoptar totes les mesures raonables perqu\u00e8 aquests se suprimeixin o rectifiquin sense dilaci\u00f3 quan siguin inexactes.<\/p><p>D&#8217;acord amb els drets que us confereix la normativa vigent en protecci\u00f3 de dades podreu exercir els drets d&#8217;acc\u00e9s, rectificaci\u00f3, limitaci\u00f3 de tractament, supressi\u00f3, portabilitat i oposici\u00f3 al tractament de les vostres dades de car\u00e0cter personal aix\u00ed com del consentiment prestat per al tractament de els mateixos, dirigint la seva petici\u00f3 a ladre\u00e7a postal indicada m\u00e9s amunt o al correu electr\u00f2nic info@decabildoabogados.es.<\/p><p>Aix\u00ed mateix i d&#8217;acord amb all\u00f2 establert a la Llei 34\/2002, d&#8217;11 de juliol, de Serveis de la Societat de la Informaci\u00f3 i de Comer\u00e7 Electr\u00f2nic, a l&#8217;article 21, sol\u00b7licitem tamb\u00e9 el seu consentiment expr\u00e9s per enviar-li publicitat dels nostres productes o promocions que considerem puguin ser del vostre inter\u00e8s, per correu electr\u00f2nic o per qualsevol altre mitj\u00e0 de comunicaci\u00f3 electr\u00f2nica equivalent<\/p><p>Us informem que podreu revocar en qualsevol moment el consentiment prestat a la recepci\u00f3 de comunicacions comercials enviant un e-mail a l&#8217;adre\u00e7a de correu electr\u00f2nic: info@decabildoabogados.es<\/p><p>Nom i cognoms o Ra\u00f3 social:<\/p><p>DNI o CIF:<\/p><p>Signatura de linteressat.<\/p>\t\t\t\t\t\t<\/div>\n\t\t\t\t<\/div>\n\t\t\t\t\t<\/div>\n\t\t<\/div>\n\t\t\t\t\t<\/div>\n\t\t<\/section>\n\t\t\t\t<\/div>\n\t\t","protected":false},"excerpt":{"rendered":"<p>Pol\u00edtica de privadesa De conformitat amb el que estableix la normativa vigent en Protecci\u00f3 de Dades de Car\u00e0cter Personal, us [&hellip;]<\/p>\n","protected":false},"author":1,"featured_media":0,"parent":0,"menu_order":0,"comment_status":"closed","ping_status":"closed","template":"","meta":{"site-sidebar-layout":"no-sidebar","site-content-layout":"","ast-site-content-layout":"full-width-container","site-content-style":"default","site-sidebar-style":"default","ast-global-header-display":"","ast-banner-title-visibility":"","ast-main-header-display":"","ast-hfb-above-header-display":"","ast-hfb-below-header-display":"","ast-hfb-mobile-header-display":"","site-post-title":"disabled","ast-breadcrumbs-content":"","ast-featured-img":"disabled","footer-sml-layout":"","theme-transparent-header-meta":"","adv-header-id-meta":"","stick-header-meta":"","header-above-stick-meta":"","header-main-stick-meta":"","header-below-stick-meta":"","astra-migrate-meta-layouts":"default","ast-page-background-enabled":"default","ast-page-background-meta":{"desktop":{"background-color":"var(--ast-global-color-4)","background-image":"","background-repeat":"repeat","background-position":"center center","background-size":"auto","background-attachment":"scroll","background-type":"","background-media":"","overlay-type":"","overlay-color":"","overlay-gradient":""},"tablet":{"background-color":"","background-image":"","background-repeat":"repeat","background-position":"center center","background-size":"auto","background-attachment":"scroll","background-type":"","background-media":"","overlay-type":"","overlay-color":"","overlay-gradient":""},"mobile":{"background-color":"","background-image":"","background-repeat":"repeat","background-position":"center center","background-size":"auto","background-attachment":"scroll","background-type":"","background-media":"","overlay-type":"","overlay-color":"","overlay-gradient":""}},"ast-content-background-meta":{"desktop":{"background-color":"var(--ast-global-color-5)","background-image":"","background-repeat":"repeat","background-position":"center center","background-size":"auto","background-attachment":"scroll","background-type":"","background-media":"","overlay-type":"","overlay-color":"","overlay-gradient":""},"tablet":{"background-color":"var(--ast-global-color-5)","background-image":"","background-repeat":"repeat","background-position":"center center","background-size":"auto","background-attachment":"scroll","background-type":"","background-media":"","overlay-type":"","overlay-color":"","overlay-gradient":""},"mobile":{"background-color":"var(--ast-global-color-5)","background-image":"","background-repeat":"repeat","background-position":"center center","background-size":"auto","background-attachment":"scroll","background-type":"","background-media":"","overlay-type":"","overlay-color":"","overlay-gradient":""}},"footnotes":""},"class_list":["post-328","page","type-page","status-publish","hentry"],"yoast_head":"<!-- This site is optimized with the Yoast SEO plugin v24.2 - https:\/\/yoast.com\/wordpress\/plugins\/seo\/ -->\n<title>Pol\u00edtica de privadesa<\/title>\n<meta name=\"robots\" content=\"noindex, nofollow\" \/>\n<meta property=\"og:locale\" content=\"ca_ES\" \/>\n<meta property=\"og:type\" content=\"article\" \/>\n<meta property=\"og:title\" content=\"Pol\u00edtica de privadesa\" \/>\n<meta property=\"og:description\" content=\"Pol\u00edtica de privadesa De conformitat amb el que estableix la normativa vigent en Protecci\u00f3 de Dades de Car\u00e0cter Personal, us [&hellip;]\" \/>\n<meta property=\"og:url\" content=\"https:\/\/decabildoabogados.es\/ca\/politica-de-privadesa\/\" \/>\n<meta property=\"og:site_name\" content=\"decabildo Abogados\" \/>\n<meta property=\"article:modified_time\" content=\"2024-07-19T12:09:13+00:00\" \/>\n<meta name=\"twitter:card\" content=\"summary_large_image\" \/>\n<meta name=\"twitter:label1\" content=\"Temps estimat de lectura\" \/>\n\t<meta name=\"twitter:data1\" content=\"2 minuts\" \/>\n<script type=\"application\/ld+json\" class=\"yoast-schema-graph\">{\"@context\":\"https:\/\/schema.org\",\"@graph\":[{\"@type\":\"WebPage\",\"@id\":\"https:\/\/decabildoabogados.es\/ca\/politica-de-privadesa\/\",\"url\":\"https:\/\/decabildoabogados.es\/ca\/politica-de-privadesa\/\",\"name\":\"Pol\u00edtica de privadesa\",\"isPartOf\":{\"@id\":\"https:\/\/decabildoabogados.es\/ca\/#website\"},\"datePublished\":\"2024-03-01T13:49:29+00:00\",\"dateModified\":\"2024-07-19T12:09:13+00:00\",\"breadcrumb\":{\"@id\":\"https:\/\/decabildoabogados.es\/ca\/politica-de-privadesa\/#breadcrumb\"},\"inLanguage\":\"ca\",\"potentialAction\":[{\"@type\":\"ReadAction\",\"target\":[\"https:\/\/decabildoabogados.es\/ca\/politica-de-privadesa\/\"]}]},{\"@type\":\"BreadcrumbList\",\"@id\":\"https:\/\/decabildoabogados.es\/ca\/politica-de-privadesa\/#breadcrumb\",\"itemListElement\":[{\"@type\":\"ListItem\",\"position\":1,\"name\":\"Portada\",\"item\":\"https:\/\/decabildoabogados.es\/ca\/\"},{\"@type\":\"ListItem\",\"position\":2,\"name\":\"Pol\u00edtica de privadesa\"}]},{\"@type\":\"WebSite\",\"@id\":\"https:\/\/decabildoabogados.es\/ca\/#website\",\"url\":\"https:\/\/decabildoabogados.es\/ca\/\",\"name\":\"Decabildo Abogados\",\"description\":\"\",\"publisher\":{\"@id\":\"https:\/\/decabildoabogados.es\/ca\/#organization\"},\"potentialAction\":[{\"@type\":\"SearchAction\",\"target\":{\"@type\":\"EntryPoint\",\"urlTemplate\":\"https:\/\/decabildoabogados.es\/ca\/?s={search_term_string}\"},\"query-input\":{\"@type\":\"PropertyValueSpecification\",\"valueRequired\":true,\"valueName\":\"search_term_string\"}}],\"inLanguage\":\"ca\"},{\"@type\":\"Organization\",\"@id\":\"https:\/\/decabildoabogados.es\/ca\/#organization\",\"name\":\"Decabildo Abogados\",\"url\":\"https:\/\/decabildoabogados.es\/ca\/\",\"logo\":{\"@type\":\"ImageObject\",\"inLanguage\":\"ca\",\"@id\":\"https:\/\/decabildoabogados.es\/ca\/#\/schema\/logo\/image\/\",\"url\":\"https:\/\/decabildoabogados.es\/ca\/wp-content\/uploads\/2024\/02\/cropped-logo_decabildo_es.webp\",\"contentUrl\":\"https:\/\/decabildoabogados.es\/ca\/wp-content\/uploads\/2024\/02\/cropped-logo_decabildo_es.webp\",\"width\":357,\"height\":171,\"caption\":\"Decabildo Abogados\"},\"image\":{\"@id\":\"https:\/\/decabildoabogados.es\/ca\/#\/schema\/logo\/image\/\"}}]}<\/script>\n<!-- \/ Yoast SEO plugin. -->","yoast_head_json":{"title":"Pol\u00edtica de privadesa","robots":{"index":"noindex","follow":"nofollow"},"og_locale":"ca_ES","og_type":"article","og_title":"Pol\u00edtica de privadesa","og_description":"Pol\u00edtica de privadesa De conformitat amb el que estableix la normativa vigent en Protecci\u00f3 de Dades de Car\u00e0cter Personal, us [&hellip;]","og_url":"https:\/\/decabildoabogados.es\/ca\/politica-de-privadesa\/","og_site_name":"decabildo Abogados","article_modified_time":"2024-07-19T12:09:13+00:00","twitter_card":"summary_large_image","twitter_misc":{"Temps estimat de lectura":"2 minuts"},"schema":{"@context":"https:\/\/schema.org","@graph":[{"@type":"WebPage","@id":"https:\/\/decabildoabogados.es\/ca\/politica-de-privadesa\/","url":"https:\/\/decabildoabogados.es\/ca\/politica-de-privadesa\/","name":"Pol\u00edtica de privadesa","isPartOf":{"@id":"https:\/\/decabildoabogados.es\/ca\/#website"},"datePublished":"2024-03-01T13:49:29+00:00","dateModified":"2024-07-19T12:09:13+00:00","breadcrumb":{"@id":"https:\/\/decabildoabogados.es\/ca\/politica-de-privadesa\/#breadcrumb"},"inLanguage":"ca","potentialAction":[{"@type":"ReadAction","target":["https:\/\/decabildoabogados.es\/ca\/politica-de-privadesa\/"]}]},{"@type":"BreadcrumbList","@id":"https:\/\/decabildoabogados.es\/ca\/politica-de-privadesa\/#breadcrumb","itemListElement":[{"@type":"ListItem","position":1,"name":"Portada","item":"https:\/\/decabildoabogados.es\/ca\/"},{"@type":"ListItem","position":2,"name":"Pol\u00edtica de privadesa"}]},{"@type":"WebSite","@id":"https:\/\/decabildoabogados.es\/ca\/#website","url":"https:\/\/decabildoabogados.es\/ca\/","name":"Decabildo Abogados","description":"","publisher":{"@id":"https:\/\/decabildoabogados.es\/ca\/#organization"},"potentialAction":[{"@type":"SearchAction","target":{"@type":"EntryPoint","urlTemplate":"https:\/\/decabildoabogados.es\/ca\/?s={search_term_string}"},"query-input":{"@type":"PropertyValueSpecification","valueRequired":true,"valueName":"search_term_string"}}],"inLanguage":"ca"},{"@type":"Organization","@id":"https:\/\/decabildoabogados.es\/ca\/#organization","name":"Decabildo Abogados","url":"https:\/\/decabildoabogados.es\/ca\/","logo":{"@type":"ImageObject","inLanguage":"ca","@id":"https:\/\/decabildoabogados.es\/ca\/#\/schema\/logo\/image\/","url":"https:\/\/decabildoabogados.es\/ca\/wp-content\/uploads\/2024\/02\/cropped-logo_decabildo_es.webp","contentUrl":"https:\/\/decabildoabogados.es\/ca\/wp-content\/uploads\/2024\/02\/cropped-logo_decabildo_es.webp","width":357,"height":171,"caption":"Decabildo Abogados"},"image":{"@id":"https:\/\/decabildoabogados.es\/ca\/#\/schema\/logo\/image\/"}}]}},"_links":{"self":[{"href":"https:\/\/decabildoabogados.es\/ca\/wp-json\/wp\/v2\/pages\/328","targetHints":{"allow":["GET"]}}],"collection":[{"href":"https:\/\/decabildoabogados.es\/ca\/wp-json\/wp\/v2\/pages"}],"about":[{"href":"https:\/\/decabildoabogados.es\/ca\/wp-json\/wp\/v2\/types\/page"}],"author":[{"embeddable":true,"href":"https:\/\/decabildoabogados.es\/ca\/wp-json\/wp\/v2\/users\/1"}],"replies":[{"embeddable":true,"href":"https:\/\/decabildoabogados.es\/ca\/wp-json\/wp\/v2\/comments?post=328"}],"version-history":[{"count":8,"href":"https:\/\/decabildoabogados.es\/ca\/wp-json\/wp\/v2\/pages\/328\/revisions"}],"predecessor-version":[{"id":533,"href":"https:\/\/decabildoabogados.es\/ca\/wp-json\/wp\/v2\/pages\/328\/revisions\/533"}],"wp:attachment":[{"href":"https:\/\/decabildoabogados.es\/ca\/wp-json\/wp\/v2\/media?parent=328"}],"curies":[{"name":"wp","href":"https:\/\/api.w.org\/{rel}","templated":true}]}}

Política de privadesa

<div data-elementor-type="wp-page" data-elementor-id="328" class="elementor elementor-328" data-elementor-post-type="page">
						<section class="elementor-section elementor-top-section elementor-element elementor-element-65a295af elementor-section-boxed elementor-section-height-default elementor-section-height-default" data-id="65a295af" data-element_type="section">
						<div class="elementor-container elementor-column-gap-default">
					<div class="elementor-column elementor-col-100 elementor-top-column elementor-element elementor-element-740d0599" data-id="740d0599" data-element_type="column">
			<div class="elementor-widget-wrap elementor-element-populated">
						<div class="elementor-element elementor-element-620c494a elementor-widget elementor-widget-heading" data-id="620c494a" data-element_type="widget" data-widget_type="heading.default">
				<div class="elementor-widget-container">
			<style>/*! elementor - v3.19.0 - 07-02-2024 */
.elementor-heading-title{padding:0;margin:0;line-height:1}.elementor-widget-heading .elementor-heading-title[class*=elementor-size-]>a{color:inherit;font-size:inherit;line-height:inherit}.elementor-widget-heading .elementor-heading-title.elementor-size-small{font-size:15px}.elementor-widget-heading .elementor-heading-title.elementor-size-medium{font-size:19px}.elementor-widget-heading .elementor-heading-title.elementor-size-large{font-size:29px}.elementor-widget-heading .elementor-heading-title.elementor-size-xl{font-size:39px}.elementor-widget-heading .elementor-heading-title.elementor-size-xxl{font-size:59px}</style><h1 class="elementor-heading-title elementor-size-default">Política de privadesa</h1>		</div>
				</div>
				<div class="elementor-element elementor-element-13cee1c4 elementor-widget elementor-widget-text-editor" data-id="13cee1c4" data-element_type="widget" data-widget_type="text-editor.default">
				<div class="elementor-widget-container">
			<style>/*! elementor - v3.19.0 - 07-02-2024 */
.elementor-widget-text-editor.elementor-drop-cap-view-stacked .elementor-drop-cap{background-color:#69727d;color:#fff}.elementor-widget-text-editor.elementor-drop-cap-view-framed .elementor-drop-cap{color:#69727d;border:3px solid;background-color:transparent}.elementor-widget-text-editor:not(.elementor-drop-cap-view-default) .elementor-drop-cap{margin-top:8px}.elementor-widget-text-editor:not(.elementor-drop-cap-view-default) .elementor-drop-cap-letter{width:1em;height:1em}.elementor-widget-text-editor .elementor-drop-cap{float:left;text-align:center;line-height:1;font-size:50px}.elementor-widget-text-editor .elementor-drop-cap-letter{display:inline-block}</style>				<p>De conformitat amb el que estableix la normativa vigent en Protecció de Dades de Caràcter Personal, us informem que les vostres dades seran incorporades al sistema de tractament titularitat de PALOMA CABILDO ARANDA, sota nom comercial DECABILDO ADVOCATS, amb CIF 48004429W i domicili situat al carrer Rovira i Virgili núm. 20, 1r &#8211; 1a amb la finalitat de poder atendre els compromisos derivats de la relació que mantenim amb vostè. En compliment amb la normativa vigent, DECABILDO ADVOCATS informa que les dades seran conservades durant el termini estrictament necessari per complir els preceptes esmentats anteriorment.</p><p>DECABILDO ADVOCATS informa que procedirà a tractar les dades de manera lícita, lleial, transparent, adequada, pertinent, limitada, exacta i actualitzada. És per això que RAÓ SOCIAL DE L&#8217;EMPRESA es compromet a adoptar totes les mesures raonables perquè aquests se suprimeixin o rectifiquin sense dilació quan siguin inexactes.</p><p>D&#8217;acord amb els drets que us confereix la normativa vigent en protecció de dades podreu exercir els drets d&#8217;accés, rectificació, limitació de tractament, supressió, portabilitat i oposició al tractament de les vostres dades de caràcter personal així com del consentiment prestat per al tractament de els mateixos, dirigint la seva petició a ladreça postal indicada més amunt o al correu electrònic info@decabildoabogados.es.</p><p>Així mateix i d&#8217;acord amb allò establert a la Llei 34/2002, d&#8217;11 de juliol, de Serveis de la Societat de la Informació i de Comerç Electrònic, a l&#8217;article 21, sol·licitem també el seu consentiment exprés per enviar-li publicitat dels nostres productes o promocions que considerem puguin ser del vostre interès, per correu electrònic o per qualsevol altre mitjà de comunicació electrònica equivalent</p><p>Us informem que podreu revocar en qualsevol moment el consentiment prestat a la recepció de comunicacions comercials enviant un e-mail a l&#8217;adreça de correu electrònic: info@decabildoabogados.es</p><p>Nom i cognoms o Raó social:</p><p>DNI o CIF:</p><p>Signatura de linteressat.</p>						</div>
				</div>
					</div>
		</div>
					</div>
		</section>
				</div>

<p>Política de privadesa De conformitat amb el que estableix la normativa vigent en Protecció de Dades de Caràcter Personal, us [&hellip;]</p>

<!-- This site is optimized with the Yoast SEO plugin v24.2 - https://yoast.com/wordpress/plugins/seo/ -->
<title>Política de privadesa</title>
<meta name="robots" content="noindex, nofollow" />
<meta property="og:locale" content="ca_ES" />
<meta property="og:type" content="article" />
<meta property="og:title" content="Política de privadesa" />
<meta property="og:description" content="Política de privadesa De conformitat amb el que estableix la normativa vigent en Protecció de Dades de Caràcter Personal, us [&hellip;]" />
<meta property="og:url" content="https://decabildoabogados.es/ca/politica-de-privadesa/" />
<meta property="og:site_name" content="decabildo Abogados" />
<meta property="article:modified_time" content="2024-07-19T12:09:13+00:00" />
<meta name="twitter:card" content="summary_large_image" />
<meta name="twitter:label1" content="Temps estimat de lectura" />
	<meta name="twitter:data1" content="2 minuts" />
<script type="application/ld+json" class="yoast-schema-graph">{"@context":"https://schema.org","@graph":[{"@type":"WebPage","@id":"https://decabildoabogados.es/ca/politica-de-privadesa/","url":"https://decabildoabogados.es/ca/politica-de-privadesa/","name":"Política de privadesa","isPartOf":{"@id":"https://decabildoabogados.es/ca/#website"},"datePublished":"2024-03-01T13:49:29+00:00","dateModified":"2024-07-19T12:09:13+00:00","breadcrumb":{"@id":"https://decabildoabogados.es/ca/politica-de-privadesa/#breadcrumb"},"inLanguage":"ca","potentialAction":[{"@type":"ReadAction","target":["https://decabildoabogados.es/ca/politica-de-privadesa/"]}]},{"@type":"BreadcrumbList","@id":"https://decabildoabogados.es/ca/politica-de-privadesa/#breadcrumb","itemListElement":[{"@type":"ListItem","position":1,"name":"Portada","item":"https://decabildoabogados.es/ca/"},{"@type":"ListItem","position":2,"name":"Política de privadesa"}]},{"@type":"WebSite","@id":"https://decabildoabogados.es/ca/#website","url":"https://decabildoabogados.es/ca/","name":"Decabildo Abogados","description":"","publisher":{"@id":"https://decabildoabogados.es/ca/#organization"},"potentialAction":[{"@type":"SearchAction","target":{"@type":"EntryPoint","urlTemplate":"https://decabildoabogados.es/ca/?s={search_term_string}"},"query-input":{"@type":"PropertyValueSpecification","valueRequired":true,"valueName":"search_term_string"}}],"inLanguage":"ca"},{"@type":"Organization","@id":"https://decabildoabogados.es/ca/#organization","name":"Decabildo Abogados","url":"https://decabildoabogados.es/ca/","logo":{"@type":"ImageObject","inLanguage":"ca","@id":"https://decabildoabogados.es/ca/#/schema/logo/image/","url":"https://decabildoabogados.es/ca/wp-content/uploads/2024/02/cropped-logo_decabildo_es.webp","contentUrl":"https://decabildoabogados.es/ca/wp-content/uploads/2024/02/cropped-logo_decabildo_es.webp","width":357,"height":171,"caption":"Decabildo Abogados"},"image":{"@id":"https://decabildoabogados.es/ca/#/schema/logo/image/"}}]}</script>
<!-- / Yoast SEO plugin. -->

Política de privadesa De conformitat amb el que estableix la normativa vigent en Protecció de Dades de Caràcter Personal, us [&hellip;]
